 10?
89
Convert -48 (base 13) to base 15.
-40
Convert -23 (base 5) to base 8.
-15
Convert 152 (base 10) to base 15.
a2
What is 3 (base 7) in base 2?
11
What is 3 (base 8) in base 3?
10
What is -2 (base 4) in base 7?
-2
What is -5 (base 11) in base 8?
-5
-130 (base 5) to base 7
-55
Convert -16 (base 11) to base 7.
-23
1 (base 15) to base 6
1
-32 (base 11) to base 16
-23
What is 3 (base 4) in base 15?
3
What is 10021 (base 3) in base 5?
323
What is -1 (base 7) in base 13?
-1
Convert -343 (base 5) to base 3.
-10122
-34 (base 14) to base 4
-232
-1 (base 2) to base 10
-1
What is 9 (base 14) in base 4?
21
-3 (base 12) to base 10
-3
Convert 2e (base 16) to base 4.
232
Convert -9a (base 14) to base 4.
-2020
-3 (base 13) to base 10
-3
5 (base 15) to base 11
5
Convert -45 (base 12) to base 4.
-311
What is 37 (base 15) in base 6?
124
Convert -120 (base 3) to base 2.
-1111
What is -7 (base 9) in base 12?
-7
What is 0 (base 9) in base 12?
0
Convert -71 (base 15) to base 9.
-127
Convert 103 (base 5) to base 9.
31
-26 (base 16) to base 10
-38
Convert -174 (base 14) to base 11.
-251
Convert 10 (base 2) to base 15.
2
What is 23 (base 4) in base 3?
102
16 (base 8) to base 16
e
Convert -3 (base 8) to base 10.
-3
What is 2 (base 14) in base 9?
2
Convert -105 (base 6) to base 7.
-56
-15 (base 9) to base 2
-1110
What is -3 (base 5) in base 15?
-3
Convert 68 (base 10) to base 2.
1000100
What is 2 (base 8) in base 5?
2
Convert -11 (base 15) to base 8.
-20
27 (base 9) to base 16
19
What is -4 (base 16) in base 3?
-11
110001 (base 2) to base 8
61
What is -2 (base 4) in base 12?
-2
What is -11 (base 4) in base 2?
-101
Convert -2 (base 12) to base 15.
-2
-21021 (base 3) to base 6
-524
What is 11 (base 10) in base 2?
1011
What is -1110 (base 2) in base 9?
-15
0 (base 15) to base 16
0
What is -4 (base 16) in base 5?
-4
What is 1 (base 6) in base 3?
1
Convert 202 (base 5) to base 12.
44
-3 (base 12) to base 10
-3
What is -1 (base 10) in base 13?
-1
What is -8 (base 9) in base 14?
-8
Convert 17 (base 12) to base 4.
103
Convert -6 (base 8) to base 7.
-6
What is -46 (base 14) in base 7?
-116
What is -13 (base 4) in base 16?
-7
-3 (base 4) to base 13
-3
What is 1 (base 5) in base 3?
1
103 (base 7) to base 3
1221
Convert -2 (base 8) to base 14.
-2
What is -23 (base 14) in base 10?
-31
Convert 8 (base 13) to base 5.
13
-11100 (base 2) to base 9
-31
Convert -17 (base 11) to base 16.
-12
Convert -a (base 12) to base 13.
-a
3 (base 11) to base 7
3
-5 (base 13) to base 4
-11
Convert b7 (base 16) to base 3.
20210
Convert 3 (base 4) to base 9.
3
Convert -14 (base 13) to base 6.
-25
-23 (base 14) to base 8
-37
Convert -1 (base 15) to base 7.
-1
-61 (base 11) to base 2
-1000011
What is 128 (base 10) in base 2?
10000000
-3 (base 9) to base 15
-3
-37 (base 11) to base 6
-104
Convert -1 (base 15) to base 2.
-1
Convert 4 (base 15) to base 11.
4
-203 (base 4) to base 2
-100011
112 (base 3) to base 8
16
0 (base 13) to base 14
0
4 (base 16) to base 2
100
What is -110101 (base 2) in base 8?
-65
What is 141 (base 5) in base 16?
2e
Convert 11 (base 13) to base 5.
24
Convert -2 (base 6) to base 12.
-2
1111 (base 3) to base 10
40
What is -111 (base 3) in base 12?
-11
What is 84 (base 12) in base 3?
10201
Convert 111 (base 3) to base 8.
15
-10 (base 15) to base 3
-120
b (base 15) to base 9
12
Convert -7 (base 13) to base 7.
-10
-1 (base 16) to base 8
-1
Convert -192 (base 11) to base 2.
-11011110
211 (base 7) to base 12
8a
1 (base 2) to base 4
1
Convert 345 (base 6) to base 5.
1022
What is 2 (base 6) in base 15?
2
What is -41 (base 10) in base 5?
-131
Convert 203 (base 11) to base 13.
15b
Convert 7 (base 10) to base 12.
7
Convert 11 (base 3) to base 15.
4
-22 (base 7) to base 12
-14
What is 1 (base 15) in base 14?
1
What is -10 (base 6) in base 7?
-6
2 (base 9) to base 12
2
Convert 1 (base 5) to base 6.
1
2 (base 10) to base 8
2
Convert -4 (base 5) to base 8.
-4
Convert -19 (base 13) to base 7.
-31
Convert -39 (base 12) to base 4.
-231
204 (base 8) to base 10
132
-a8 (base 12) to base 11
-107
Convert -11 (base 2) to base 10.
-3
-20 (base 4) to base 7
-11
4 (base 11) to base 15
4
What is -8 (base 10) in base 15?
-8
0 (base 2) to base 11
0
What is -1b (base 12) in base 4?
-113
Convert -10 (base 3) to base 15.
-3
Convert 124 (base 11) to base 5.
1042
-107 (base 11) to base 9
-152
Convert -3 (base 11) to base 12.
-3
What is a (base 16) in base 2?
1010
What is 63 (base 14) in base 8?
127
-17 (base 16) to base 10
-23
-101 (base 3) to base 14
-a
85 (base 15) to base 6
325
What is 24 (base 11) in base 7?
35
2 (base 10) to base 6
2
What is 5 (base 8) in base 14?
5
Convert -11110 (base 2) to base 10.
-30
Convert -1 (base 8) to base 6.
-1
5 (base 6) to base 11
5
93 (base 13) to base 7
231
10 (base 6) to base 10
6
What is -1a (base 15) in base 14?
-1b
-5 (base 8) to base 10
-5
-101 (base 3) to base 9
-11
What is -11 (base 8) in base 2?
-1001
What is -14 (base 13) in base 15?
-12
What is 12 (base 14) in base 5?
31
122 (base 5) to base 14
29
What is -1a (base 12) in base 3?
-211
1001 (base 2) to base 12
9
1 (base 13) to base 3
1
What is -16 (base 14) in base 6?
-32
What is -163 (base 7) in base 8?
-136
What is 4 (base 11) in base 5?
4
3 (base 16) to base 13
3
Convert 11c (base 13) to base 10.
194
Convert 43 (base 13) to base 16.
37
-10 (base 6) to base 12
-6
What is -443 (base 5) in base 3?
-11120
30 (base 6) to base 10
18
What is 1 (base 10) in base 11?
1
-8 (base 12) to base 8
-10
Convert -18 (base 11) to base 12.
-17
Convert 1 (base 10) to base 8.
1
-20 (base 5) to base 3
-101
-1 (base 5) to base 9
-1
Convert 0 (base 4) to base 6.
0
What is 116 (base 12) in base 6?
430
Convert -11 (base 3) to base 5.
-4
What is -1001 (base 3) in base 13?
-22
What is -46 (base 8) in base 5?
-123
Convert 1001 (base 2) to base 5.
14
What is 2 (base 15) in base 7?
2
What is 32 (base 16) in base 11?
46
-9 (base 11) to base 7
-12
3 (base 15) to base 11
3
What is -22 (base 10) in base 14?
-18
Convert -3 (base 4) to base 16.
-3
Convert -34 (base 14) to base 4.
-232
-1014 (base 5) to base 10
-134
3 (base 8) to base 5
3
Convert -1110011 (base 2) to base 11.
-a5
What is 34 (base 10) in base 15?
24
What is -1 (base 10) in base 11?
-1
Convert -3 (base 12) to base 9.
-3
What is -12 (base 3) in base 2?
-101
What is -4 (base 12) in base 16?
-4
0 (base 14) to base 7
0
What is -43 (base 5) in base 8?
-27
What is -5 (base 9) in base 4?
-11
-14 (base 5) to base 14
-9
Convert -3 (base 16) to base 15.
-3
Convert -2 (base 16) to base 11.
-2
What is 16 (base 12) in base 9?
20
Convert -30 (base 5) to base 12.
-13
-60 (base 11) to base 12
-56
-1 (base 13) to base 3
-1
Convert -1 (base 16) to base 15.
-1
What is -39 (base 14) in base 3?
-1220
What is -11 (base 2) in base 5?
-3
-96 (base 16) to base 5
-1100
-13 (base 6) to base 8
-11
4 (base 15) to base 14
4
What is -9 (base 13) in base 15?
-9
What is 26 (base 10) in base 7?
35
What is -1d (base 14) in base 7?
-36
Convert 1b0 (base 12) to base 5.
2101
-2 (base 16) to base 15
-2
What is -6 (base 11) in base 6?
-10
8 (base 13) to base 6
12
5 (base 14) to base 3
12
What is -b (base 12) in base 10?
-11
Convert 4 (base 13) to base 2.
100
18 (base 16) to base 9
26
Convert 1 (base 5) to base 14.
1
What is 3 (base 12) in base 2?
11
What is -1 (base 12) in base 14?
-1
Convert -6 (base 14) to base 16.
-6
What is 1111 (base 5) in base 11?
132
Convert -1 (base 16) to base 7.
-1
What is 7 (base 12) in base 13?
7
What is 4 (base 13) in base 15?
4
What is -47 (base 11) in base 9?
-56
-28 (base 13) to base 14
-26
2 (base 16) to base 12
2
11011011 (base 2) to base 6
1003
Convert -401 (base 9) to base 7.
-643
What is 154 (base 7) in base 10?
88
What is -67 (base 8) in base 3?
-2001
What is -3 (base 11) in base 12?
-3
What is -1 (base 7) in base 8?
-1
-85 (base 16) to base 14
-97
Convert -4 (base 16) to base 7.
-4
What is 7a (base 14) in base 15?
73
Convert -6 (base 10) to base 13.
-6
78 (base 12) to base 16
5c
-9 (base 16) to base 9
-10
Convert -1 (base 16) to base 5.
-1
Convert -29 (base 13) to base 11.
-32
What is -146 (base 7) in base 9?
-102
Convert -1010 (base 2) to base 16.
-a
Convert 43 (base 5) to base 15.
18
Convert 0 (base 4) to base 3.
0
25 (base 14) to base 10
33
Convert 13 (base 10) to base 6.
21
-11 (bas